{"id":79,"date":"2023-01-07T14:52:14","date_gmt":"2023-01-07T13:52:14","guid":{"rendered":"https:\/\/mccavocat.wordpress.com\/?page_id=79"},"modified":"2023-07-27T12:18:49","modified_gmt":"2023-07-27T10:18:49","slug":"honoraires","status":"publish","type":"page","link":"https:\/\/www.mccavocat.fr\/index.php\/honoraires\/","title":{"rendered":"Honoraires"},"content":{"rendered":"\n<div class=\"wp-block-group alignfull is-layout-constrained wp-block-group-is-layout-constrained\">\n<div class=\"wp-block-group alignwide is-content-justification-space-between is-layout-flex wp-container-core-group-is-layout-901ef6e1 wp-block-group-is-layout-flex\" style=\"padding-top:var(--wp--custom--spacing--small, 1.25rem);padding-bottom:var(--wp--custom--spacing--large, 8rem)\">\n<div class=\"wp-block-group is-layout-flex wp-block-group-is-layout-flex\"><div class=\"wp-block-site-logo\"><a href=\"https:\/\/www.mccavocat.fr\/\" class=\"custom-logo-link\" rel=\"home\"><img loading=\"lazy\" decoding=\"async\" width=\"64\" height=\"31\" src=\"https:\/\/www.mccavocat.fr\/wp-content\/uploads\/2023\/07\/logo-MCC.jpg\" class=\"custom-logo\" alt=\"WordPress\" srcset=\"https:\/\/www.mccavocat.fr\/wp-content\/uploads\/2023\/07\/logo-MCC.jpg 1101w, https:\/\/www.mccavocat.fr\/wp-content\/uploads\/2023\/07\/logo-MCC-300x150.jpg 300w, https:\/\/www.mccavocat.fr\/wp-content\/uploads\/2023\/07\/logo-MCC-1024x512.jpg 1024w, https:\/\/www.mccavocat.fr\/wp-content\/uploads\/2023\/07\/logo-MCC-768x384.jpg 768w\" sizes=\"auto, (max-width: 64px) 100vw, 64px\" \/><\/a><\/div><\/div>\n\n\n<nav class=\"is-responsive items-justified-right wp-block-navigation is-content-justification-right is-layout-flex wp-container-core-navigation-is-layout-f665d2b5 wp-block-navigation-is-layout-flex\" \n\t\t data-wp-interactive=\"core\/navigation\" data-wp-context='{\"overlayOpenedBy\":{\"click\":false,\"hover\":false,\"focus\":false},\"type\":\"overlay\",\"roleAttribute\":\"\",\"ariaLabel\":\"Menu\"}'><button aria-haspopup=\"dialog\" aria-label=\"Ouvrir le menu\" class=\"wp-block-navigation__responsive-container-open\" \n\t\t\t\tdata-wp-on--click=\"actions.openMenuOnClick\"\n\t\t\t\tdata-wp-on--keydown=\"actions.handleMenuKeydown\"\n\t\t\t><svg width=\"24\" height=\"24\" xmlns=\"http:\/\/www.w3.org\/2000\/svg\" viewBox=\"0 0 24 24\" aria-hidden=\"true\" focusable=\"false\"><path d=\"M4 7.5h16v1.5H4z\"><\/path><path d=\"M4 15h16v1.5H4z\"><\/path><\/svg><\/button>\n\t\t\t\t<div class=\"wp-block-navigation__responsive-container\"  id=\"modal-1\" \n\t\t\t\tdata-wp-class--has-modal-open=\"state.isMenuOpen\"\n\t\t\t\tdata-wp-class--is-menu-open=\"state.isMenuOpen\"\n\t\t\t\tdata-wp-watch=\"callbacks.initMenu\"\n\t\t\t\tdata-wp-on--keydown=\"actions.handleMenuKeydown\"\n\t\t\t\tdata-wp-on--focusout=\"actions.handleMenuFocusout\"\n\t\t\t\ttabindex=\"-1\"\n\t\t\t>\n\t\t\t\t\t<div class=\"wp-block-navigation__responsive-close\" tabindex=\"-1\">\n\t\t\t\t\t\t<div class=\"wp-block-navigation__responsive-dialog\" \n\t\t\t\tdata-wp-bind--aria-modal=\"state.ariaModal\"\n\t\t\t\tdata-wp-bind--aria-label=\"state.ariaLabel\"\n\t\t\t\tdata-wp-bind--role=\"state.roleAttribute\"\n\t\t\t>\n\t\t\t\t\t\t\t<button aria-label=\"Fermer le menu\" class=\"wp-block-navigation__responsive-container-close\" \n\t\t\t\tdata-wp-on--click=\"actions.closeMenuOnClick\"\n\t\t\t><svg xmlns=\"http:\/\/www.w3.org\/2000\/svg\" viewBox=\"0 0 24 24\" width=\"24\" height=\"24\" aria-hidden=\"true\" focusable=\"false\"><path d=\"m13.06 12 6.47-6.47-1.06-1.06L12 10.94 5.53 4.47 4.47 5.53 10.94 12l-6.47 6.47 1.06 1.06L12 13.06l6.47 6.47 1.06-1.06L13.06 12Z\"><\/path><\/svg><\/button>\n\t\t\t\t\t\t\t<div class=\"wp-block-navigation__responsive-container-content\" \n\t\t\t\tdata-wp-watch=\"callbacks.focusFirstElement\"\n\t\t\t id=\"modal-1-content\">\n\t\t\t\t\t\t\t\t<ul class=\"wp-block-navigation__container is-responsive items-justified-right wp-block-navigation\"><ul class=\"wp-block-page-list\"><li class=\"wp-block-pages-list__item wp-block-navigation-item open-on-hover-click\"><a class=\"wp-block-pages-list__item__link wp-block-navigation-item__content\" href=\"https:\/\/www.mccavocat.fr\/index.php\/domaine-de-competences\/\">Domaines de comp\u00e9tences &amp; d&rsquo;intervention<\/a><\/li><li class=\"wp-block-pages-list__item wp-block-navigation-item open-on-hover-click\"><a class=\"wp-block-pages-list__item__link wp-block-navigation-item__content\" href=\"https:\/\/www.mccavocat.fr\/index.php\/honoraires\/\">Honoraires<\/a><\/li><li class=\"wp-block-pages-list__item wp-block-navigation-item open-on-hover-click\"><a class=\"wp-block-pages-list__item__link wp-block-navigation-item__content\" href=\"https:\/\/www.mccavocat.fr\/index.php\/contact\/\">Contact<\/a><\/li><li class=\"wp-block-pages-list__item wp-block-navigation-item open-on-hover-click\"><a class=\"wp-block-pages-list__item__link wp-block-navigation-item__content\" href=\"https:\/\/www.mccavocat.fr\/index.php\/mentions-legales\/\">Mentions l\u00e9gales<\/a><\/li><\/ul><\/ul>\n\t\t\t\t\t\t\t<\/div>\n\t\t\t\t\t\t<\/div>\n\t\t\t\t\t<\/div>\n\t\t\t\t<\/div><\/nav><\/div>\n\n\n\n<div class=\"wp-block-media-text alignfull has-media-on-the-right is-stacked-on-mobile has-primary-color has-background-background-color has-text-color has-background has-link-color wp-elements-6a0bcea09e286bef78ccd5f08bc2706e\"><div class=\"wp-block-media-text__content\">\n<div style=\"height:32px\" aria-hidden=\"true\" class=\"wp-block-spacer\"><\/div>\n\n\n\n<div style=\"height:32px\" aria-hidden=\"true\" class=\"wp-block-spacer\"><\/div>\n\n\n\n<div class=\"wp-block-group is-layout-flow wp-block-group-is-layout-flow\" style=\"padding-top:min(20rem, 20vw);padding-right:min(8rem, 5vw)\">\n<h2 class=\"wp-block-heading\" style=\"font-size:clamp(3rem, 6vw, 4.5rem);font-weight:300;line-height:1.115\"><em>Honoraires<\/em><\/h2>\n\n\n\n<blockquote class=\"wp-block-quote is-layout-flow wp-block-quote-is-layout-flow\">\n<p>Taux horaire : <strong>150 \u20ac H.T.<\/strong> <\/p>\n\n\n\n<p>Consultation au cabinet de 45 minutes : 100 \u20ac T.T.C.<\/p>\n\n\n\n<p>Consultation \u00e9crite, analyse compl\u00e8te : n\u00e9cessite une analyse approfondie des pi\u00e8ces\/\u00e9l\u00e9ments, factur\u00e9 au temps pass\u00e9<\/p>\n\n\n\n<p>A l&rsquo;ouverture d&rsquo;un dossier, r\u00e9gularisation d&rsquo;une <strong>convention d&rsquo;honoraires<\/strong> pr\u00e9voyant :<\/p>\n\n\n\n<ul class=\"wp-block-list\">\n<li>un honoraire forfaitaire fix\u00e9 en consid\u00e9ration du type de proc\u00e9dure, de sa difficult\u00e9, de sa longueur pr\u00e9visible etc. <\/li>\n\n\n\n<li>un honoraire compl\u00e9mentaire pour les diligences suppl\u00e9mentaires<\/li>\n\n\n\n<li>le cas \u00e9ch\u00e9ant, un honoraire de r\u00e9sultat.<\/li>\n<\/ul>\n\n\n\n<p>La T.V.A. s&rsquo;applique au taux l\u00e9gal en vigueur (20 %)<\/p>\n<\/blockquote>\n\n\n\n<div style=\"height:40px\" aria-hidden=\"true\" class=\"wp-block-spacer\"><\/div>\n<\/div>\n\n\n\n<p>En cas de difficult\u00e9, vous pouvez faire appel :<\/p>\n\n\n\n<blockquote class=\"wp-block-quote is-layout-flow wp-block-quote-is-layout-flow\">\n<p class=\"has-link-color wp-elements-c90d26275f327a4ad7bfc98439d46452\">Au <a href=\"https:\/\/www.barreau-chambery.fr\/\">B\u00e2tonnier de l&rsquo;Ordre des Avocats de CHAMBERY<\/a><\/p>\n\n\n\n<p class=\"has-foreground-color has-text-color has-link-color wp-elements-9393250da805b95e186148e20c85e44e\">Au <a href=\"https:\/\/mediateur-consommation-avocat.fr\">M\u00e9diateur de la Profession d&rsquo;Avocat<\/a> &#8211; Madame Carole PASCAREL<\/p>\n<\/blockquote>\n<\/div><figure class=\"wp-block-media-text__media\"><img loading=\"lazy\" decoding=\"async\" width=\"1024\" height=\"1024\" src=\"http:\/\/www.mccavocat.fr\/wp-content\/uploads\/2023\/07\/Chateau-1024x1024.jpg\" alt=\"\" class=\"wp-image-274 size-full\" srcset=\"https:\/\/www.mccavocat.fr\/wp-content\/uploads\/2023\/07\/Chateau-1024x1024.jpg 1024w, https:\/\/www.mccavocat.fr\/wp-content\/uploads\/2023\/07\/Chateau-300x300.jpg 300w, https:\/\/www.mccavocat.fr\/wp-content\/uploads\/2023\/07\/Chateau-150x150.jpg 150w, https:\/\/www.mccavocat.fr\/wp-content\/uploads\/2023\/07\/Chateau-768x768.jpg 768w, https:\/\/www.mccavocat.fr\/wp-content\/uploads\/2023\/07\/Chateau-1536x1536.jpg 1536w, https:\/\/www.mccavocat.fr\/wp-content\/uploads\/2023\/07\/Chateau.jpg 1619w\" sizes=\"auto, (max-width: 1024px) 100vw, 1024px\" \/><\/figure><\/div>\n<\/div>\n\n\n\n<div class=\"wp-block-group alignfull is-layout-constrained wp-block-group-is-layout-constrained\">\n<div class=\"wp-block-group alignwide is-layout-flow wp-block-group-is-layout-flow\" style=\"padding-top:4rem;padding-bottom:4rem\"><nav class=\"is-responsive items-justified-center wp-block-navigation is-content-justification-center is-layout-flex wp-container-core-navigation-is-layout-64ede673 wp-block-navigation-is-layout-flex\" \n\t\t data-wp-interactive=\"core\/navigation\" data-wp-context='{\"overlayOpenedBy\":{\"click\":false,\"hover\":false,\"focus\":false},\"type\":\"overlay\",\"roleAttribute\":\"\",\"ariaLabel\":\"Menu\"}'><button aria-haspopup=\"dialog\" aria-label=\"Ouvrir le menu\" class=\"wp-block-navigation__responsive-container-open\" \n\t\t\t\tdata-wp-on--click=\"actions.openMenuOnClick\"\n\t\t\t\tdata-wp-on--keydown=\"actions.handleMenuKeydown\"\n\t\t\t><svg width=\"24\" height=\"24\" xmlns=\"http:\/\/www.w3.org\/2000\/svg\" viewBox=\"0 0 24 24\" aria-hidden=\"true\" focusable=\"false\"><path d=\"M4 7.5h16v1.5H4z\"><\/path><path d=\"M4 15h16v1.5H4z\"><\/path><\/svg><\/button>\n\t\t\t\t<div class=\"wp-block-navigation__responsive-container\"  id=\"modal-2\" \n\t\t\t\tdata-wp-class--has-modal-open=\"state.isMenuOpen\"\n\t\t\t\tdata-wp-class--is-menu-open=\"state.isMenuOpen\"\n\t\t\t\tdata-wp-watch=\"callbacks.initMenu\"\n\t\t\t\tdata-wp-on--keydown=\"actions.handleMenuKeydown\"\n\t\t\t\tdata-wp-on--focusout=\"actions.handleMenuFocusout\"\n\t\t\t\ttabindex=\"-1\"\n\t\t\t>\n\t\t\t\t\t<div class=\"wp-block-navigation__responsive-close\" tabindex=\"-1\">\n\t\t\t\t\t\t<div class=\"wp-block-navigation__responsive-dialog\" \n\t\t\t\tdata-wp-bind--aria-modal=\"state.ariaModal\"\n\t\t\t\tdata-wp-bind--aria-label=\"state.ariaLabel\"\n\t\t\t\tdata-wp-bind--role=\"state.roleAttribute\"\n\t\t\t>\n\t\t\t\t\t\t\t<button aria-label=\"Fermer le menu\" class=\"wp-block-navigation__responsive-container-close\" \n\t\t\t\tdata-wp-on--click=\"actions.closeMenuOnClick\"\n\t\t\t><svg xmlns=\"http:\/\/www.w3.org\/2000\/svg\" viewBox=\"0 0 24 24\" width=\"24\" height=\"24\" aria-hidden=\"true\" focusable=\"false\"><path d=\"m13.06 12 6.47-6.47-1.06-1.06L12 10.94 5.53 4.47 4.47 5.53 10.94 12l-6.47 6.47 1.06 1.06L12 13.06l6.47 6.47 1.06-1.06L13.06 12Z\"><\/path><\/svg><\/button>\n\t\t\t\t\t\t\t<div class=\"wp-block-navigation__responsive-container-content\" \n\t\t\t\tdata-wp-watch=\"callbacks.focusFirstElement\"\n\t\t\t id=\"modal-2-content\">\n\t\t\t\t\t\t\t\t<ul class=\"wp-block-navigation__container is-responsive items-justified-center wp-block-navigation\"><ul class=\"wp-block-page-list\"><li class=\"wp-block-pages-list__item wp-block-navigation-item open-on-hover-click\"><a class=\"wp-block-pages-list__item__link wp-block-navigation-item__content\" href=\"https:\/\/www.mccavocat.fr\/index.php\/domaine-de-competences\/\">Domaines de comp\u00e9tences &amp; d&rsquo;intervention<\/a><\/li><li class=\"wp-block-pages-list__item wp-block-navigation-item open-on-hover-click\"><a class=\"wp-block-pages-list__item__link wp-block-navigation-item__content\" href=\"https:\/\/www.mccavocat.fr\/index.php\/honoraires\/\">Honoraires<\/a><\/li><li class=\"wp-block-pages-list__item wp-block-navigation-item open-on-hover-click\"><a class=\"wp-block-pages-list__item__link wp-block-navigation-item__content\" href=\"https:\/\/www.mccavocat.fr\/index.php\/contact\/\">Contact<\/a><\/li><li class=\"wp-block-pages-list__item wp-block-navigation-item open-on-hover-click\"><a class=\"wp-block-pages-list__item__link wp-block-navigation-item__content\" href=\"https:\/\/www.mccavocat.fr\/index.php\/mentions-legales\/\">Mentions l\u00e9gales<\/a><\/li><\/ul><\/ul>\n\t\t\t\t\t\t\t<\/div>\n\t\t\t\t\t\t<\/div>\n\t\t\t\t\t<\/div>\n\t\t\t\t<\/div><\/nav>\n\n\n<p class=\"has-text-align-center\" style=\"font-size:16px\">\u00a9 Margot CAVAGNA-CRESTANI<\/p>\n<\/div>\n<\/div>\n\n\n\n<div class=\"wp-block-group alignfull has-contrast-color has-text-color is-vertical is-content-justification-center is-layout-flex wp-container-core-group-is-layout-f306f087 wp-block-group-is-layout-flex\" style=\"min-height:40vh;margin-top:0;margin-bottom:0;padding-top:var(--wp--preset--spacing--60);padding-right:var(--wp--preset--spacing--50);padding-bottom:var(--wp--preset--spacing--60);padding-left:var(--wp--preset--spacing--50)\"><div style=\"margin-bottom:6px;\" class=\"is-default-size aligncenter wp-block-site-logo\"><a href=\"https:\/\/www.mccavocat.fr\/\" class=\"custom-logo-link\" rel=\"home\"><img loading=\"lazy\" decoding=\"async\" width=\"1101\" height=\"550\" src=\"https:\/\/www.mccavocat.fr\/wp-content\/uploads\/2023\/07\/logo-MCC.jpg\" class=\"custom-logo\" alt=\"WordPress\" srcset=\"https:\/\/www.mccavocat.fr\/wp-content\/uploads\/2023\/07\/logo-MCC.jpg 1101w, https:\/\/www.mccavocat.fr\/wp-content\/uploads\/2023\/07\/logo-MCC-300x150.jpg 300w, https:\/\/www.mccavocat.fr\/wp-content\/uploads\/2023\/07\/logo-MCC-1024x512.jpg 1024w, https:\/\/www.mccavocat.fr\/wp-content\/uploads\/2023\/07\/logo-MCC-768x384.jpg 768w\" sizes=\"auto, (max-width: 1101px) 100vw, 1101px\" \/><\/a><\/div><\/div>\n","protected":false},"excerpt":{"rendered":"<p>Honoraires Taux horaire : 150 \u20ac H.T. Consultation au cabinet de 45 minutes : 100 \u20ac T.T.C. Consultation \u00e9crite, analyse compl\u00e8te : n\u00e9cessite une analyse approfondie des pi\u00e8ces\/\u00e9l\u00e9ments, factur\u00e9 au temps pass\u00e9 A l&rsquo;ouverture d&rsquo;un dossier, r\u00e9gularisation d&rsquo;une convention d&rsquo;honoraires pr\u00e9voyant : La T.V.A. s&rsquo;applique au taux l\u00e9gal en vigueur (20 %) En cas de [&hellip;]<\/p>\n","protected":false},"author":1,"featured_media":0,"parent":0,"menu_order":3,"comment_status":"closed","ping_status":"closed","template":"blank","meta":{"footnotes":""},"class_list":["post-79","page","type-page","status-publish","hentry"],"_links":{"self":[{"href":"https:\/\/www.mccavocat.fr\/index.php\/wp-json\/wp\/v2\/pages\/79","targetHints":{"allow":["GET"]}}],"collection":[{"href":"https:\/\/www.mccavocat.fr\/index.php\/wp-json\/wp\/v2\/pages"}],"about":[{"href":"https:\/\/www.mccavocat.fr\/index.php\/wp-json\/wp\/v2\/types\/page"}],"author":[{"embeddable":true,"href":"https:\/\/www.mccavocat.fr\/index.php\/wp-json\/wp\/v2\/users\/1"}],"replies":[{"embeddable":true,"href":"https:\/\/www.mccavocat.fr\/index.php\/wp-json\/wp\/v2\/comments?post=79"}],"version-history":[{"count":7,"href":"https:\/\/www.mccavocat.fr\/index.php\/wp-json\/wp\/v2\/pages\/79\/revisions"}],"predecessor-version":[{"id":275,"href":"https:\/\/www.mccavocat.fr\/index.php\/wp-json\/wp\/v2\/pages\/79\/revisions\/275"}],"wp:attachment":[{"href":"https:\/\/www.mccavocat.fr\/index.php\/wp-json\/wp\/v2\/media?parent=79"}],"curies":[{"name":"wp","href":"https:\/\/api.w.org\/{rel}","templated":true}]}}